
True
Is 121512897581 a composite number?
False
Is 22354470911 a composite number?
True
Is 119992009 a composite number?
False
Is 102023980493 composite?
True
Is 1435794863 a prime number?
True
Is 47123864497 composite?
False
Is 4573983605 a composite number?
True
Is 19794026309 prime?
False
Is 86129213 prime?
True
Is 1661056711 composite?
True
Is 1457319653 composite?
False
Is 53033681 a composite number?
False
Is 74343498629 a composite number?
True
Is 1117312277 prime?
False
Is 260581427 prime?
False
Is 313929413119 a composite number?
True
Is 53137273 prime?
False
Is 2018042893 composite?
True
Is 1617048379 prime?
False
Is 674246147 a composite number?
True
Is 215730859 prime?
True
Is 319754269 a composite number?
False
Is 476112265 a composite number?
True
Is 7165314601 prime?
True
Is 739612417 composite?
False
Is 4085537411 a composite number?
False
Is 639418427 prime?
True
Is 8758673571 prime?
False
Is 96421660817 prime?
False
Is 77237132429 prime?
True
Is 23558250523 a composite number?
False
Is 4820995639 a prime number?
True
Is 2482082087 prime?
False
Is 4881586219 prime?
False
Is 801255817 a composite number?
False
Is 790740037 prime?
False
Is 22027429807 prime?
True
Is 319887571 composite?
False
Is 25063854977 composite?
True
Is 414654739 a composite number?
False
Is 470674817 a prime number?
False
Is 4338115073 prime?
True
Is 22699942151 a prime number?
False
Is 675741013 a composite number?
False
Is 389870603 a composite number?
False
Is 3900634201 a composite number?
True
Is 19122302987 prime?
True
Is 1724244323 a prime number?
False
Is 365268247 a composite number?
True
Is 1070516747 a prime number?
False
Is 3553139737 a composite number?
True
Is 89034795287 composite?
False
Is 106159538077 a prime number?
True
Is 479929717 a prime number?
False
Is 1071611819 prime?
False
Is 35659462759 prime?
True
Is 93903111899 composite?
True
Is 17402283707 prime?
True
Is 10338550729 a composite number?
True
Is 1697804737 prime?
True
Is 37697973109 prime?
False
Is 5883890993 a composite number?
False
Is 395582549 prime?
True
Is 1331374699 a prime number?
True
Is 22647753811 composite?
True
Is 3500419499 composite?
True
Is 3617163071 prime?
True
Is 352827173 composite?
True
Is 3740619523 a composite number?
False
Is 14474686483 prime?
False
Is 36552513563 a composite number?
True
Is 2171870489 a prime number?
True
Is 4458553711 prime?
True
Is 4306363337 prime?
True
Is 111765851 a composite number?
False
Is 34602215119 a prime number?
True
Is 120943845821 composite?
False
Is 29724833739 prime?
False
Is 426303497 a composite number?
True
Is 3425611606 composite?
True
Is 40578509767 prime?
True
Is 2269177423 a prime number?
False
Is 573625631 a prime number?
True
Is 174143791 a composite number?
False
Is 3582502591 a prime number?
False
Is 2894571571 prime?
False
Is 340302881 a composite number?
False
Is 48239100407 composite?
False
Is 1004234267 a prime number?
True
Is 56247999163 a composite number?
True
Is 41895704413 composite?
True
Is 7155270443 a prime number?
True
Is 11930649431 a prime number?
True
Is 40325784419 a composite number?
True
Is 33701519749 a composite number?
False
Is 281144581 composite?
True
Is 89353330487 composite?
True
Is 481679489 composite?
True
Is 86883793741 composite?
False
Is 985645943 a prime number?
False
Is 88454403827 a composite number?
False
Is 421835354 composite?
True
Is 156604541 a composite number?
False
Is 9010619951 a composite number?
True
Is 654662509 a prime number?
True
Is 50392537109 prime?
True
Is 1083836977 prime?
False
Is 5726917803 a composite number?
True
Is 4820966011 a prime number?
True
Is 719665937 a composite number?
False
Is 586204607 prime?
True
Is 134821655 composite?
True
Is 1188733661 a composite number?
True
Is 16560936739 composite?
True
Is 2212950743 a prime number?
False
Is 30200955283 composite?
True
Is 4146926867 a composite number?
True
Is 380044619 composite?
True
Is 29606241283 prime?
True
Is 96108127 prime?
True
Is 1285178021 prime?
True
Is 334654559 prime?
False
Is 14281779623 a prime number?
True
Is 4293964079 composite?
True
Is 69363716797 a composite number?
True
Is 4944268829 composite?
False
Is 2854193297 prime?
True
Is 504320371643 prime?
False
Is 12334131427 composite?
True
Is 1214911667 a composite number?
False
Is 1093332469 composite?
False
Is 63768003031 prime?
False
Is 2183369039 a prime number?
True
Is 66676391 a composite number?
False
Is 51491389 a composite number?
False
Is 1402857439 composite?
False
Is 227083663 a composite number?
True
Is 5190763967 prime?
False
Is 2502418651 composite?
True
Is 597355579 composite?
False
Is 41534425903 a prime number?
True
Is 207035986 composite?
True
Is 2263994087 a composite number?
True
Is 1034956253 a prime number?
True
Is 4434436157 prime?
False
Is 3160180729 composite?
False
Is 3491470469 prime?
True
Is 2300565887 a prime number?
False
Is 32211326669 prime?
True
Is 15050262583 prime?
False
Is 4185635291 a composite number?
False
Is 13153001689 a composite number?
False
Is 80235061 a composite number?
False
Is 1638291145 composite?
True
Is 274192817 prime?
True
Is 6186257549 a composite number?
True
Is 10338607711 prime?
False
Is 337547776294 a composite number?
True
Is 7080320501 composite?
True
Is 30327443 composite?
False
Is 712519239 a composite number?
True
Is 147962657 composite?
True
Is 81082010651 prime?
False
Is 107151813173 a prime number?
False
Is 1098368617 a prime number?
True
Is 735937606 prime?
False
Is 17087252822 prime?
False
Is 2871396761 composite?
False
Is 5328213041 a composite number?
False
Is 592846483 composite?
False
Is 32716617013 composite?
False
Is 24905787721 prime?
False
Is 174066075059 a prime number?
True
Is 1200728857 prime?
True
Is 1020903161 prime?
True
Is 851850557 a composite number?
False
Is 165636361447 composite?
True
Is 7523174409 a composite number?
True
Is 38124883579 a composite number?
True
Is 55808359 a prime number?
True
Is 1611767897 composite?
True
Is 4297791703 composite?
False
Is 372999041 composite?
True
Is 54116707301 a prime number?
False
Is 429120121 composite?
False
Is 85367987 prime?
True
Is 31649726513 a prime number?
True
Is 262577134229 a composite number?
False
Is 56085073969 prime?
True
Is 888410381 a composite number?
False
Is 213390839 a composite number?
False
Is 39728617267 composite?
False
Is 2253106177 composite?
True
Is 230964430591 a prime number?
True
Is 1030818673 a composite number?
True
Is 1249974751 a prime number?
True
Is 1884396551 prime?
True
Is 2675626799 a composite number?
False
Is 2279816447 a prime number?
True
Is 11343865721 prime?
False
Is 9467633717 a composite number?
False
Is 872860211 a composite number?
True
Is 5142392273 a prime number?
False
Is 98631641051 a composite number?
False
Is 8233209043 a composite number?
False
Is 16359533459 prime?
True
Is 318865867 composite?
False
Is 135098207299 composite?
True
Is 17193048959 a prime number?
True
Is 171280847 a prime number?
True
Is 14459653969 composite?
False
Is 5098835717 a composite number?
False
Is 3445355703 a prime number?
False
Is 75127118821 a prime number?
False
Is 7749818471 a composite number?
False
Is 3587364589 a composite number?
True
Is 339659695 composite?
True
Is 10018541449 a prime number?
False
Is 84357209 composite?
False
Is 5400676313 composite?
True
Is 44542278667 composite?
False
Is 1639772923 composite?
True
Is 1069177091 prime?
True
Is 479272811 prime?
True
Is 39480220597 prime?
True
Is 249607087 a prime number?
False
Is 1991663069 a prime number?
False
Is 409274149 a composite number?
False
Is 5362456067 prime?
False
Is 1153013941 prime?
False
Is 1505414567 a composite number?
True
Is 1795192879 a prime number?
False
Is 1462412071 composite?
False
Is 9986932433 prime?
True
Is 9317910949 a composite number?
True
Is 12049357039 a prime number?
False
Is 9099712241 a prime number?
False
Is 245624569 composite?
True
Is 1321223089 prime?
True
Is 4933451777 composite?
False
Is 14152318901 prime?
False
Is 1942950041 composite?
True
Is 2593476727 a prime number?
False
Is 5909453285 a prime number?
False
Is 60268275013 composite?
True
Is 1072865009 composite?
False
Is 2320817999 a prime number?
True
Is 1053749429 prime?
False
Is 699413839 composite?
True
I